{"id":5662,"date":"2023-03-03T07:46:36","date_gmt":"2023-03-03T07:46:36","guid":{"rendered":"https:\/\/www.puranutrition.com.mx\/?post_type=product&#038;p=5662"},"modified":"2023-03-03T08:02:05","modified_gmt":"2023-03-03T08:02:05","slug":"magic-pump","status":"publish","type":"product","link":"https:\/\/www.puranutrition.com.mx\/index.php\/product\/magic-pump\/","title":{"rendered":"Magic pump"},"content":{"rendered":"<p class=\"western\" lang=\"es-MX\"><span style=\"font-family: Calibri, serif;\"><strong>Descripci\u00f3n:<\/strong><br \/>\n<\/span><span style=\"font-family: Calibri, serif;\">Magic Pump es una poderosa f\u00f3rmula de preentrenamiento en c\u00e1psulas si estimulantes. Incluye ingredientes premium cl\u00ednicamente estudiados que ayudan aumentando el flujo sangu\u00edneo a los m\u00fasculos\u00a0que se entrenan. <\/span><\/p>\n","protected":false},"excerpt":{"rendered":"<p class=\"western\" lang=\"es-MX\"><span style=\"font-family: Calibri, serif;\"><strong>Beneficios:<\/strong><br \/>\n<\/span><span style=\"font-family: Calibri, serif;\">Aumenta la vascularizaci\u00f3n<br \/>\n<\/span><span style=\"font-family: Calibri, serif;\">Energ\u00eda intensa<br \/>\n<\/span><span style=\"font-family: Calibri, serif;\">Desarrollo muscular <\/span><\/p>\n<p class=\"western\" lang=\"es-MX\"><span style=\"font-family: Calibri, serif;\"><strong>Uso sugerido:<\/strong><br \/>\n<\/span><span style=\"font-family: Calibri, serif;\">Ingerir 4 c\u00e1psulas<br \/>\n<\/span><span style=\"font-family: Calibri, serif;\">Tomar 30 minutos antes del entrenamiento.<\/span><\/p>\n","protected":false},"featured_media":5663,"comment_status":"closed","ping_status":"closed","template":"","meta":[],"product_cat":[16],"product_tag":[],"_links":{"self":[{"href":"https:\/\/www.puranutrition.com.mx\/index.php\/wp-json\/wp\/v2\/product\/5662"}],"collection":[{"href":"https:\/\/www.puranutrition.com.mx\/index.php\/wp-json\/wp\/v2\/product"}],"about":[{"href":"https:\/\/www.puranutrition.com.mx\/index.php\/wp-json\/wp\/v2\/types\/product"}],"replies":[{"embeddable":true,"href":"https:\/\/www.puranutrition.com.mx\/index.php\/wp-json\/wp\/v2\/comments?post=5662"}],"wp:featuredmedia":[{"embeddable":true,"href":"https:\/\/www.puranutrition.com.mx\/index.php\/wp-json\/wp\/v2\/media\/5663"}],"wp:attachment":[{"href":"https:\/\/www.puranutrition.com.mx\/index.php\/wp-json\/wp\/v2\/media?parent=5662"}],"wp:term":[{"taxonomy":"product_cat","embeddable":true,"href":"https:\/\/www.puranutrition.com.mx\/index.php\/wp-json\/wp\/v2\/product_cat?post=5662"},{"taxonomy":"product_tag","embeddable":true,"href":"https:\/\/www.puranutrition.com.mx\/index.php\/wp-json\/wp\/v2\/product_tag?post=5662"}],"curies":[{"name":"wp","href":"https:\/\/api.w.org\/{rel}","templated":true}]}}