{"id":5657,"date":"2023-03-03T07:43:26","date_gmt":"2023-03-03T07:43:26","guid":{"rendered":"https:\/\/www.puranutrition.com.mx\/?post_type=product&#038;p=5657"},"modified":"2023-03-03T08:03:03","modified_gmt":"2023-03-03T08:03:03","slug":"magic-flow","status":"publish","type":"product","link":"https:\/\/www.puranutrition.com.mx\/index.php\/product\/magic-flow\/","title":{"rendered":"Magic flow"},"content":{"rendered":"<p class=\"western\" lang=\"es-MX\"><span style=\"font-family: Calibri, serif;\"><strong>Descripci\u00f3n:<\/strong><br \/>\n<\/span><span style=\"font-family: Calibri, serif;\">Magic flow un pre-entreno adecuado para usuarios intermedios o avanzados. Ofrece dosis de ingredientes y activos premium con un toque de creatina. Aumento masivo de los niveles de \u00f3xido n\u00edtrico para mejorar el rendimiento durante los entrenamientos m\u00e1s exigentes. <\/span><\/p>\n","protected":false},"excerpt":{"rendered":"<p class=\"western\" lang=\"es-MX\"><span style=\"font-family: Calibri, serif;\"><strong>Beneficios:<\/strong><br \/>\n<\/span><span style=\"font-family: Calibri, serif;\">Energ\u00eda intensa<br \/>\n<\/span><span style=\"font-family: Calibri, serif;\">Euforia y enfoque<br \/>\n<\/span><span style=\"font-family: Calibri, serif;\">Mejor circulaci\u00f3n sangu\u00ednea<br \/>\n<\/span><span style=\"font-family: Calibri, serif;\">Mejor Bombeo muscular <\/span><\/p>\n<p class=\"western\" lang=\"es-MX\"><strong><span style=\"font-family: Calibri, serif;\">Uso sugerido:<br \/>\n<\/span><\/strong><span style=\"font-family: Calibri, serif;\">Mezclar 1 cucharada con 12 onzas de agua<br \/>\n<\/span><span style=\"font-family: Calibri, serif;\">Tomar 30 minutos antes del entrenamiento.<\/span><\/p>\n","protected":false},"featured_media":5661,"comment_status":"closed","ping_status":"closed","template":"","meta":[],"product_cat":[16],"product_tag":[],"_links":{"self":[{"href":"https:\/\/www.puranutrition.com.mx\/index.php\/wp-json\/wp\/v2\/product\/5657"}],"collection":[{"href":"https:\/\/www.puranutrition.com.mx\/index.php\/wp-json\/wp\/v2\/product"}],"about":[{"href":"https:\/\/www.puranutrition.com.mx\/index.php\/wp-json\/wp\/v2\/types\/product"}],"replies":[{"embeddable":true,"href":"https:\/\/www.puranutrition.com.mx\/index.php\/wp-json\/wp\/v2\/comments?post=5657"}],"wp:featuredmedia":[{"embeddable":true,"href":"https:\/\/www.puranutrition.com.mx\/index.php\/wp-json\/wp\/v2\/media\/5661"}],"wp:attachment":[{"href":"https:\/\/www.puranutrition.com.mx\/index.php\/wp-json\/wp\/v2\/media?parent=5657"}],"wp:term":[{"taxonomy":"product_cat","embeddable":true,"href":"https:\/\/www.puranutrition.com.mx\/index.php\/wp-json\/wp\/v2\/product_cat?post=5657"},{"taxonomy":"product_tag","embeddable":true,"href":"https:\/\/www.puranutrition.com.mx\/index.php\/wp-json\/wp\/v2\/product_tag?post=5657"}],"curies":[{"name":"wp","href":"https:\/\/api.w.org\/{rel}","templated":true}]}}